*2 - 9*v + 10. List the prime factors of m(-10).
2, 5
Suppose 2699 = 9*j - 9415. List the prime factors of j.
2, 673
Let u = 483 + 423. What are the prime factors of u?
2, 3, 151
Suppose 0 = -b - 5*w + 6*w + 11, 2*b = -w + 37. Suppose 76 = 5*p + 2*i, -p + b = p - 4*i. What are the prime factors of p?
2, 7
Let h(c) = -11*c - 29. Let p be ((-72)/280 - 1/7)*15. List the prime factors of h(p).
37
Let z(m) = -m**2 + 3*m + 9. Let p be z(0). Let d(x) = x**2 - 2*x - 26. List the prime factors of d(p).
37
Let g(p) = -27*p - 3. List the prime factors of g(-13).
2, 3, 29
Suppose -2*d = -4*a + 16, -3*d = 2*a + d + 2. Suppose a*s = 109 + 182. List the prime factors of s.
97
List the prime factors of 0/(-2 - 3) + 557.
557
Suppose -16 = -3*z - b, -5*z - 4*b = -3*z - 4. Suppose -12 + z = 2*r. List the prime factors of (-3)/r*(2 + 24).
2, 13
List the prime factors of 158 + (-66)/(-6) + -5.
2, 41
Let z(a) = a**3 - 7*a**2 + 25*a - 24. List the prime factors of z(10).
2, 263
Suppose -25*v + 3 = -24*v. What are the prime factors of 4 - (-170)/(-2 + v)?
2, 3, 29
Let y(x) = 30*x - 15. Let d be y(8). Suppose 8*m + 3*t = 4*m + d, 2*m - 95 = -5*t. List the prime factors of (1360/m)/(4/6).
2, 17
Let u be -6*(-4 + (-52)/(-8)). Let j(p) = p**3 + 17*p**2 + 22*p + 10. What are the prime factors of j(u)?
2, 5, 13
Let x be (-28)/(-8) - 4/(-8). Suppose -n - x*n = -25. Suppose -4*t = -z - 27 + 100, -n*t + 187 = 4*z. What are the prime factors of z?
53
Let j = 281 - 57. List the prime factors of j.
2, 7
Suppose -3*p + 2*q = 116, 2*p + q + 82 = -0*q. List the prime factors of 1/(2/p)*-6.
2, 3, 5
Suppose -88 = d - 134. What are the prime factors of d?
2, 23
Let u = -8 + 10. Suppose -3*a = a + 5*b - 11, -a = 2*b - u. Suppose a*y = 3*x - 87, 3*x + 2*x - 145 = -5*y. What are the prime factors of x?
29
Let u(r) = -3*r + 12*r**2 + 4*r - 11*r**2 + 1 + 4*r. Let z be u(4). Suppose 22 = c - 3*g, 2*c - 3*c = 2*g - z. List the prime factors of c.
31
Let i = 1579 + -537. What are the prime factors of i?
2, 521
Let t(p) = -1 - 3*p + p + 5 + 0*p. Let a = 28 - 39. List the prime factors of t(a).
2, 13
Suppose 257*z + 3384 = 261*z. List the prime factors of z.
2, 3, 47
Let q(a) = -11*a - 22. Let t be q(-2). Suppose 960 = 3*l - 3*r, t = r - 4*r + 9. List the prime factors of l.
17, 19
Suppose -6*u + 4113 + 1725 = 0. What are the prime factors of u?
7, 139
Suppose -9*i + 12*i = 711. What are the prime factors of i?
3, 79
Let t(z) = -1. Let a(p) = 4*p - 29. Let j(s) = -a(s) + 6*t(s). What are the prime factors of j(-8)?
5, 11
What are the prime factors of (8*-6)/((-12)/108)?
2, 3
Suppose 14*o - 40692 = 12480. List the prime factors of o.
2, 3, 211
Let t(z) = z**3 + 5*z**2 - 5*z + 7. Let q be t(-6). Let d(r) = 4*r**3 - 2*r**2 + 2*r - 1. Let s be d(q). List the prime factors of (-1)/(-2)*52 + s.
29
List the prime factors of 505*(576/300 + (-6)/(-75)).
2, 5, 101
Let j be 565 + (10/(-4) + 1)*-2. Suppose 5*f - 192 - j = 0. What are the prime factors of f?
2, 19
What are the prime factors of 300 - (-2 - (-5 - -3))/2?
2, 3, 5
Suppose 0*h = b - h - 31, 2*b - 5*h = 71. List the prime factors of b.
2, 7
Let u be (-3)/2*1 + (-173)/(-2). Let x = u + -43. List the prime factors of x.
2, 3, 7
Suppose -6*z = -z + 4*n - 157, 5*z + n - 163 = 0. List the prime factors of z.
3, 11
Let i(j) = j**3 + 3. Suppose 0 = f - 5 - 1. Suppose -7*u + f*u = 0. What are the prime factors of i(u)?
3
Let g(h) = 229*h**2 + 17*h + 29. What are the prime factors of g(-3)?
2039
Let n = -218 + 1469. List the prime factors of n.
3, 139
Let q be (-723)/(-4) + (-9)/12. Suppose 4*u - o = o + 218, 0 = -3*u - 4*o + q. What are the prime factors of u?
2, 7
Let k(x) = -x**2 - x + 3. Let m be k(0). Let j be 417/m*(-2)/(-2). Suppose -5*u = -61 - j. List the prime factors of u.
2, 5
Let d = 20 - 19. Let b be 2 - (3 - 4 - d). Suppose b*r - 52 = -0. What are the prime factors of r?
13
Suppose 0 = -d + 2, u - 3*d = -0 + 36. Let b = -35 + u. What are the prime factors of b?
7
Let c(r) = -r**3 - 5*r**2 + 17*r - 12. List the prime factors of c(-9).
3, 53
Let s be (-6 + 2)/(-3 + (2 - 0)). Suppose 2*g - 20 = i + 226, g - 109 = s*i. What are the prime factors of g?
5
Let y(f) = 2*f**3 + 5*f**2 + 5*f + 3. Let p be y(-4). Let x = p + 107. List the prime factors of x.
2, 3, 7
Suppose 3*s + 9*s - 7224 = 0. What are the prime factors of s?
2, 7, 43
Let t = 246 - 75. Suppose -t = -4*c + 165. List the prime factors of c.
2, 3, 7
Suppose -3*r - 42 = 5*k, 3*r + 3*k = -k - 39. Suppose -15*d + 18*d = 54. What are the prime factors of (147/r)/((-6)/d)?
7
Let u = -208 + 253. Let d be 0/3 + 0 - -23. Let f = u + d. List the prime factors of f.
2, 17
Suppose -5 = -2*i - c, 4*i - 3*c = -i + 7. Let y(q) = -39*q + 11. Let v(k) = -19*k + 5. Let g(z) = -7*v(z) + 3*y(z). What are the prime factors of g(i)?
2, 3, 5
Let u(v) = 4*v**3 + 3*v**2 - 3*v + 1. Let x(j) = -j**2 + 4*j + 7. Let f be x(5). Let h be (f/7)/((-11)/(-77)). What are the prime factors of u(h)?
3, 13
Suppose 0 = 3*m + 3*q - 12, m - 3*q + 12 = 0. What are the prime factors of (m + 2 + 0)*46?
2, 23
What are the prime factors of ((-29732)/(-20) - 3) + 51/(-85)?
1483
Let h(u) = 4*u**2 - u**3 - 7 + u**2 + 0*u + 2*u. List the prime factors of h(3).
17
Let i be ((-5)/5)/(1/(-3)). Suppose i*q + 56 = 4*q. Suppose -2*p + q = 2*p. List the prime factors of p.
2, 7
Let l(x) = x**3 - 11*x**2 - 9*x + 48. What are the prime factors of l(16)?
2, 37
Let h be 3/2*(-4 - -10). Let g = h + -6. Suppose p + 1 = g. What are the prime factors of p?
2
Suppose 6 = 5*t - 4, -5*g + 7 = -4*t. Let x be (-20)/30 - (-14)/g. Suppose -20 = -x*i - 4*a, -2*a = -5*i - a + 49. List the prime factors of i.
3
Suppose 3*c - 4 = 8. Suppose -c*m + 26 + 6 = 0. Let b(y) = -y**3 + 9*y**2 - 6*y + 12. List the prime factors of b(m).
2, 7
Let a(q) = -3*q**3 + q + 1. Let j be a(-1). Suppose -9 = -4*g + j. What are the prime factors of ((-20)/g)/(4/(-6))?
2, 5
Suppose 24*h + 57560 = 34*h. What are the prime factors of h?
2, 1439
Suppose 2*l = -60 - 0. What are the prime factors of ((l/25)/1)/((-3)/470)?
2, 47
Let q = -7396 - -11763. What are the prime factors of q?
11, 397
Let q = 1972 - 974. What are the prime factors of q?
2, 499
Let s(u) = 213*u**3 + u**2 + 2*u + 1. Let t be s(-1). Let o = -113 - t. What are the prime factors of o?
2, 5
Suppose -5*u = 71 + 214. Let g = -39 - u. List the prime factors of g.
2, 3
Suppose -155*p = -148*p - 9331. List the prime factors of p.
31, 43
Suppose 18*r = 19*r - 145. What are the prime factors of r?
5, 29
Suppose 76*u = -16*u + 130548. What are the prime factors of u?
3, 11, 43
Suppose -5*s - 3*t = -656, -4*s + 523 = -0*s + 3*t. Suppose -3*w = -z + s, 0 = -z + 5*z - w - 565. What are the prime factors of z?
2, 71
Let m be 16/(-40) + (-12)/(-5). Let s(f) = f - 3. Let x be s(3). Suppose m*z - 20 - 46 = x. What are the prime factors of z?
3, 11
Let d = -24 - -26. Let b be (-98)/28*(-44)/d. What are the prime factors of 1218/b - (-2)/11?
2
Suppose 4*w + 29 = 3*z, 3*z - z = 2*w + 18. Let k be 854/z + 1*2. Suppose -4*l + k = -2*i, 82 + 44 = 4*l - i. List the prime factors of l.
2
Let x be (-3 + 6 - 2)*-6. List the prime factors of (x - -8)/((-8)/9 - -1).
2, 3
Suppose -5*z = 5*x - 11295, z - 4*z - 11279 = -5*x. List the prime factors of x.
37, 61
Let f(h) = 6*h**2 + 2*h + 4. Let d(p) = p**2 - 2*p - 3. Let j be d(0). What are the prime factors of f(j)?
2, 13
Let j = -11 - -15. Let k = j + -4. Let h(w) = w**3 - w**2 + 30. What are the prime factors of h(k)?
2, 3, 5
Let u(o) be the second derivative of -o**4/12 + 3*o**2/2 - 8*o. Let b be u(-3). Let q(c) = c**3 + 6*c**2 - 10*c - 13. List the prime factors of q(b).
47
Suppose 0 = -2*m - 4*m + 708. Let v = m + -66. What are the prime factors of v?
2, 13
Suppose -5*x = -b - 0*b - 773, -5*b + 10 = 0. Suppose -4*g + 4*h + x = -g, 5*h = -10. What are the prime factors of g?
7
Let s(n) = 136*n + 195. List the prime factors of s(4).
739
What are the prime factors of 1433 + 3 + (-1)/1?
5, 7, 41
Suppose 3*v - 3 = 2*c - 0*v, 0 = 5*v - 15. Suppose 203 = 8*g + c. List the prime factors of g.
5
Let v(s) = 13*s - 34. Let n be v(9). Suppose 469 = n*l - 76*l. What are the prime factors of l?
67
Let q(a) = -8*a**2. Let t be q(1). Let b be 6*((-49)/2)/(-7). Let z = b + t. List the prime factors of z.
